{"id":24,"date":"2025-02-15T18:11:35","date_gmt":"2025-02-15T21:11:35","guid":{"rendered":"https:\/\/sintraindistal.com.br\/?page_id=24"},"modified":"2025-02-16T18:59:02","modified_gmt":"2025-02-16T21:59:02","slug":"institucional","status":"publish","type":"page","link":"https:\/\/sintraindistal.com.br\/?page_id=24","title":{"rendered":"Institucional"},"content":{"rendered":"\t\t<div data-elementor-type=\"wp-page\" data-elementor-id=\"24\" class=\"elementor elementor-24\" data-elementor-post-type=\"page\">\n\t\t\t\t<div class=\"elementor-element elementor-element-ef79eb8 e-flex e-con-boxed e-con e-parent\" data-id=\"ef79eb8\" data-element_type=\"container\">\n\t\t\t\t\t<div class=\"e-con-inner\">\n\t\t\t\t<div class=\"elementor-element elementor-element-db80368 elementor-widget elementor-widget-heading\" data-id=\"db80368\" data-element_type=\"widget\" data-widget_type=\"heading.default\">\n\t\t\t\t<div class=\"elementor-widget-container\">\n\t\t\t\t\t<h2 class=\"elementor-heading-title elementor-size-default\">Hist\u00f3ria<\/h2>\t\t\t\t<\/div>\n\t\t\t\t<\/div>\n\t\t\t\t<div class=\"elementor-element elementor-element-9029fcc elementor-widget elementor-widget-text-editor\" data-id=\"9029fcc\" data-element_type=\"widget\" data-widget_type=\"text-editor.default\">\n\t\t\t\t<div class=\"elementor-widget-container\">\n\t\t\t\t\t\t\t\t\t<p>O Sindicato dos Oficiais Eletricistas foi fundado por um grupo de eletricistas e bombeiros, que na \u00e9poca eram chamados de Oficiais, que, sentindo a necessidade de um\u00a0sindicato pr\u00f3prio, uma vez que faziam instala\u00e7\u00f5es residenciais e para a constru\u00e7\u00e3o civil,\u00a0resolveram reunir-se ap\u00f3s o trabalho, iniciando assim no dia 26 de abril de 1932, e s\u00f3\u00a0conseguiram solicitar a carta sindical 9 (nove) anos depois, pelo processo n\u00ba 3514 de\u00a01941, do Minist\u00e9rio do Trabalho da Ind\u00fastria e Comercio, sendo ent\u00e3o concedida no dia\u00a016 de mar\u00e7o de 1942 pelo Decreto n.\u00ba 1402, e passou a ser reconhecido o sindicato, que\u00a0teve a partir da\u00ed o seu primeiro endere\u00e7o fixo na Rua Senador Pompeu, 122 \u2013 2\u00ba andar \u2013\u00a0Centro \u2013 RJ e l\u00e1 ficou at\u00e9 junho de 1969, quando ent\u00e3o foi comprada a primeira sede na\u00a0Rua Bar\u00e3o de Ub\u00e1, 118 \u2013 Pra\u00e7a da Bandeira \u2013 RJ, l\u00e1 ficando at\u00e9 julho de 1974, sendo\u00a0vendida e adquirida a sede da Pra\u00e7a Mau\u00e1, na Av. Venezuela, 27 salas 719\/721 e em\u00a01994 foram iniciadas as obras da sede social Aboli\u00e7\u00e3o \u00e0 Rua Silva Xavier, 90, terreno\u00a0este adquirido em 1993, sendo que a sede foi inaugurada, mesmo inacabada em\u00a012\/12\/1995, aproveitando-se a posse da nova diretoria, sendo complementada por mais\u00a0um ano at\u00e9 dezembro de 1996.\u00a0Durante todo esse per\u00edodo o sindicato teve poucos presidentes, os mais recentes\u00a0s\u00e3o: Jayme Arag\u00e3o dos Santos 1943 at\u00e9 1955, Orlando Mauricio Scancetti, de 1956 at\u00e9\u00a01964, deposto a pela revolu\u00e7\u00e3o militar, voltando \u00e0 presid\u00eancia Jayme Arag\u00e3o dos Santos,\u00a01964 at\u00e9 1967, Paulo Dimari Peixoto, 1968 at\u00e9 1973, Jo\u00e3o de Oliveira, de 1973 at\u00e9 1995\u00a0e a partir de 1996 Ernesto B. Afonso. O Sindicato passou por muitas dificuldades e\u00a0quando vieram os anos de chumbo na \u00e9poca da Ditadura Militar, com a persegui\u00e7\u00e3o ao\u00a0sindicalismo, foi necess\u00e1rio encontrar meios para manter-se, mesmo que precariamente,\u00a0na \u00e9poca, os trabalhadores ligados \u00e0 qualquer sindicato, tinham muito medo de\u00a0repres\u00e1lias, com a volta da democracia, come\u00e7ou-se a investir no lazer e sa\u00fade do\u00a0trabalhador, tentando-se com isso concentrar a maior parte da categoria.<\/p><p>Hoje, apesar das dificuldades que ainda encontramos, procuramos cumprir a\u00a0miss\u00e3o que nos foi confiada pela categoria, e lutamos para manter nossas Conven\u00e7\u00f5es\u00a0Coletivas, garantindo benef\u00edcios, sejam eles sociais, ou nas \u00e1reas de sa\u00fade e de lazer para\u00a0os trabalhadores e seus familiares e principalmente buscando elevar sempre o\u00a0sindicalismo no Brasil trazendo conquistas para o Trabalhador.<\/p>\t\t\t\t\t\t\t\t<\/div>\n\t\t\t\t<\/div>\n\t\t\t\t<div class=\"elementor-element elementor-element-ced4f8d elementor-widget-divider--view-line elementor-widget elementor-widget-divider\" data-id=\"ced4f8d\" data-element_type=\"widget\" data-widget_type=\"divider.default\">\n\t\t\t\t<div class=\"elementor-widget-container\">\n\t\t\t\t\t\t\t<div class=\"elementor-divider\">\n\t\t\t<span class=\"elementor-divider-separator\">\n\t\t\t\t\t\t<\/span>\n\t\t<\/div>\n\t\t\t\t\t\t<\/div>\n\t\t\t\t<\/div>\n\t\t\t\t<div class=\"elementor-element elementor-element-f479bf3 elementor-widget elementor-widget-heading\" data-id=\"f479bf3\" data-element_type=\"widget\" data-widget_type=\"heading.default\">\n\t\t\t\t<div class=\"elementor-widget-container\">\n\t\t\t\t\t<h2 class=\"elementor-heading-title elementor-size-default\">Miss\u00e3o<\/h2>\t\t\t\t<\/div>\n\t\t\t\t<\/div>\n\t\t\t\t<div class=\"elementor-element elementor-element-537c5be elementor-widget elementor-widget-text-editor\" data-id=\"537c5be\" data-element_type=\"widget\" data-widget_type=\"text-editor.default\">\n\t\t\t\t<div class=\"elementor-widget-container\">\n\t\t\t\t\t\t\t\t\t<p>O sindicalismo foi implantado no Brasil em fins do s\u00e9culo XIX e in\u00edcio do s\u00e9culo passado (XX), com a chegada de imigrantes anarquistas que difundiram a id\u00e9ia da solidariedade surgindo, assim, o socialismo quando tamb\u00e9m, criou-se, o combate e a resist\u00eancia aos empres\u00e1rios da \u00e9poca. No ent\u00e3o Governo Get\u00falio Vargas, com a implanta\u00e7\u00e3o de v\u00e1rias industrias e assim surgiram tamb\u00e9m a maioria dos sindicatos, pois at\u00e9 esta \u00e9poca eram poucos, nesta \u00e9poca foi fundado o Sindicato dos Oficiais Eletricistas.<\/p>\t\t\t\t\t\t\t\t<\/div>\n\t\t\t\t<\/div>\n\t\t\t\t\t<\/div>\n\t\t\t\t<\/div>\n\t\t\t\t<\/div>\n\t\t","protected":false},"excerpt":{"rendered":"<p>Hist\u00f3ria O Sindicato dos Oficiais Eletricistas foi fundado por um grupo de eletricistas e bombeiros, que na \u00e9poca eram chamados de Oficiais, que, sentindo a necessidade de um\u00a0sindicato pr\u00f3prio, uma &#8230;<\/p>\n","protected":false},"author":1,"featured_media":0,"parent":0,"menu_order":0,"comment_status":"closed","ping_status":"closed","template":"elementor_header_footer","meta":{"footnotes":""},"class_list":["post-24","page","type-page","status-publish","hentry"],"_links":{"self":[{"href":"https:\/\/sintraindistal.com.br\/index.php?rest_route=\/wp\/v2\/pages\/24","targetHints":{"allow":["GET"]}}],"collection":[{"href":"https:\/\/sintraindistal.com.br\/index.php?rest_route=\/wp\/v2\/pages"}],"about":[{"href":"https:\/\/sintraindistal.com.br\/index.php?rest_route=\/wp\/v2\/types\/page"}],"author":[{"embeddable":true,"href":"https:\/\/sintraindistal.com.br\/index.php?rest_route=\/wp\/v2\/users\/1"}],"replies":[{"embeddable":true,"href":"https:\/\/sintraindistal.com.br\/index.php?rest_route=%2Fwp%2Fv2%2Fcomments&post=24"}],"version-history":[{"count":7,"href":"https:\/\/sintraindistal.com.br\/index.php?rest_route=\/wp\/v2\/pages\/24\/revisions"}],"predecessor-version":[{"id":230,"href":"https:\/\/sintraindistal.com.br\/index.php?rest_route=\/wp\/v2\/pages\/24\/revisions\/230"}],"wp:attachment":[{"href":"https:\/\/sintraindistal.com.br\/index.php?rest_route=%2Fwp%2Fv2%2Fmedia&parent=24"}],"curies":[{"name":"wp","href":"https:\/\/api.w.org\/{rel}","templated":true}]}}

<div data-elementor-type="wp-page" data-elementor-id="24" class="elementor elementor-24" data-elementor-post-type="page">
				<div class="elementor-element elementor-element-ef79eb8 e-flex e-con-boxed e-con e-parent" data-id="ef79eb8" data-element_type="container">
					<div class="e-con-inner">
				<div class="elementor-element elementor-element-db80368 elementor-widget elementor-widget-heading" data-id="db80368" data-element_type="widget" data-widget_type="heading.default">
				<div class="elementor-widget-container">
					<h2 class="elementor-heading-title elementor-size-default">História</h2>				</div>
				</div>
				<div class="elementor-element elementor-element-9029fcc elementor-widget elementor-widget-text-editor" data-id="9029fcc" data-element_type="widget" data-widget_type="text-editor.default">
				<div class="elementor-widget-container">
									<p>O Sindicato dos Oficiais Eletricistas foi fundado por um grupo de eletricistas e bombeiros, que na época eram chamados de Oficiais, que, sentindo a necessidade de um sindicato próprio, uma vez que faziam instalações residenciais e para a construção civil, resolveram reunir-se após o trabalho, iniciando assim no dia 26 de abril de 1932, e só conseguiram solicitar a carta sindical 9 (nove) anos depois, pelo processo nº 3514 de 1941, do Ministério do Trabalho da Indústria e Comercio, sendo então concedida no dia 16 de março de 1942 pelo Decreto n.º 1402, e passou a ser reconhecido o sindicato, que teve a partir daí o seu primeiro endereço fixo na Rua Senador Pompeu, 122 – 2º andar – Centro – RJ e lá ficou até junho de 1969, quando então foi comprada a primeira sede na Rua Barão de Ubá, 118 – Praça da Bandeira – RJ, lá ficando até julho de 1974, sendo vendida e adquirida a sede da Praça Mauá, na Av. Venezuela, 27 salas 719/721 e em 1994 foram iniciadas as obras da sede social Abolição à Rua Silva Xavier, 90, terreno este adquirido em 1993, sendo que a sede foi inaugurada, mesmo inacabada em 12/12/1995, aproveitando-se a posse da nova diretoria, sendo complementada por mais um ano até dezembro de 1996. Durante todo esse período o sindicato teve poucos presidentes, os mais recentes são: Jayme Aragão dos Santos 1943 até 1955, Orlando Mauricio Scancetti, de 1956 até 1964, deposto a pela revolução militar, voltando à presidência Jayme Aragão dos Santos, 1964 até 1967, Paulo Dimari Peixoto, 1968 até 1973, João de Oliveira, de 1973 até 1995 e a partir de 1996 Ernesto B. Afonso. O Sindicato passou por muitas dificuldades e quando vieram os anos de chumbo na época da Ditadura Militar, com a perseguição ao sindicalismo, foi necessário encontrar meios para manter-se, mesmo que precariamente, na época, os trabalhadores ligados à qualquer sindicato, tinham muito medo de represálias, com a volta da democracia, começou-se a investir no lazer e saúde do trabalhador, tentando-se com isso concentrar a maior parte da categoria.</p><p>Hoje, apesar das dificuldades que ainda encontramos, procuramos cumprir a missão que nos foi confiada pela categoria, e lutamos para manter nossas Convenções Coletivas, garantindo benefícios, sejam eles sociais, ou nas áreas de saúde e de lazer para os trabalhadores e seus familiares e principalmente buscando elevar sempre o sindicalismo no Brasil trazendo conquistas para o Trabalhador.</p>								</div>
				</div>
				<div class="elementor-element elementor-element-ced4f8d elementor-widget-divider--view-line elementor-widget elementor-widget-divider" data-id="ced4f8d" data-element_type="widget" data-widget_type="divider.default">
				<div class="elementor-widget-container">
							<div class="elementor-divider">
			<span class="elementor-divider-separator">
						</span>
		</div>
						</div>
				</div>
				<div class="elementor-element elementor-element-f479bf3 elementor-widget elementor-widget-heading" data-id="f479bf3" data-element_type="widget" data-widget_type="heading.default">
				<div class="elementor-widget-container">
					<h2 class="elementor-heading-title elementor-size-default">Missão</h2>				</div>
				</div>
				<div class="elementor-element elementor-element-537c5be elementor-widget elementor-widget-text-editor" data-id="537c5be" data-element_type="widget" data-widget_type="text-editor.default">
				<div class="elementor-widget-container">
									<p>O sindicalismo foi implantado no Brasil em fins do século XIX e início do século passado (XX), com a chegada de imigrantes anarquistas que difundiram a idéia da solidariedade surgindo, assim, o socialismo quando também, criou-se, o combate e a resistência aos empresários da época. No então Governo Getúlio Vargas, com a implantação de várias industrias e assim surgiram também a maioria dos sindicatos, pois até esta época eram poucos, nesta época foi fundado o Sindicato dos Oficiais Eletricistas.</p>								</div>
				</div>
					</div>
				</div>
				</div>

<p>História O Sindicato dos Oficiais Eletricistas foi fundado por um grupo de eletricistas e bombeiros, que na época eram chamados de Oficiais, que, sentindo a necessidade de um sindicato próprio, uma &#8230;</p>
